= 5*g + l. Let m = -11 - -26. Let s be m*(-2)/(-6)*3. What is the highest common divisor of s and g?
15
Let a be (4 - -1)*(-189)/(-35)*1. Let m = 27 - a. Suppose -6*v + v = -3*y - 402, m = 2*v - 3*y - 168. What is the highest common factor of 26 and v?
26
Let o be ((-27)/(-2))/(17/(-2) - -10). Calculate the highest common factor of 32 and o.
1
Let h(c) = 5*c - 47 + 6*c**2 + 0*c + 47 + c**3. Let i be h(-5). Let w(y) = 2*y + 14. Let z be w(i). Calculate the highest common factor of 7 and z.
7
Let s = -57 - -102. Suppose -75 = -4*a + s. Suppose 63*i = 65*i - 12. What is the highest common factor of i and a?
6
Suppose -y - 169 - 202 = 0. Let l = y + 470. Let w = -2 - -13. What is the greatest common factor of w and l?
11
Let i be 2337/(27*5/225). What is the highest common factor of 190 and i?
95
Let a = -318 - -347. Let p = a - -31. Calculate the highest common divisor of p and 4.
4
Let o = -8425 + 8677. Calculate the greatest common divisor of 7434 and o.
126
Let z be -1 + ((-2)/2 - 7515)*-1. What is the greatest common factor of 45 and z?
45
Let w(d) = -d**2 - 5*d + 70. Let g be w(0). Suppose -8*m + g = -m. Let t(h) = -21*h - 2. Let f be t(-2). What is the greatest common divisor of f and m?
10
Let j = 217 - 212. Suppose j*z - 2773 = 2*w, -2*z + 1109 = 3*w - 4*w. What is the greatest common factor of z and 15?
15
Let g = 216 - 218. Let i be g*15/50*-20. Let x = -59 + 101. Calculate the highest common factor of x and i.
6
Let y(t) = -2*t**2 + 93*t - 56. Let n be y(46). Let b be 5/(-3)*(n + 4). What is the highest common factor of b and 4?
2
Let z be (-2)/(-15) - 16589/(-795). Suppose 3*t - n = z, -3*t - 6*n + 33 = -3*n. What is the greatest common factor of 40 and t?
8
Let j(o) = o**2 - 9*o - 11. Let r be j(11). Suppose -2*u = -r - 15. Let w = 392 + -379. What is the highest common divisor of w and u?
13
Let p(m) = -135*m**3 + 14*m + 14. Let d be p(-1). What is the highest common factor of d and 1155?
15
Let h be 0 + -2 + 2 + 5 - (-22851 - -82). Calculate the highest common factor of h and 118.
118
Let b = 9594 - 9214. Calculate the highest common factor of 720 and b.
20
Let h be 3913686/84 - 7/(-14). What is the highest common factor of 182 and h?
182
Suppose 4*i - 11 - 9 = 0, h - 20 = 4*i. Suppose 18*q - h = 10*q. What is the highest common divisor of 215 and q?
5
Let p(m) = -944*m - 4050. Let q be p(-5). Calculate the greatest common factor of 150 and q.
10
Let t = 3400 - 1774. What is the highest common divisor of t and 6?
6
Suppose -6*o - 44 = -104. Suppose 0 + 3 = 3*y. Let h = 11 - y. What is the highest common factor of h and o?
10
Let y(g) = 30*g**2 + g + 1. Let q be y(1). Suppose -2*m - 8 = -4*j, 0 = m + 4*m + 3*j - q. What is the greatest common factor of 52 and m?
4
Suppose 52 = -3*c + 4*h, -3*c + 3*h = 2*h + 40. Let y be (5 - 22/4)*c. Let x be -9*(10 - y - 14/3). Calculate the highest common divisor of 21 and x.
3
Suppose 2*q - 702 = -q. Let f be (-26)/(-14*18/504). What is the highest common divisor of f and q?
26
Let x be (24/(-18))/((-24)/234). Calculate the highest common divisor of 3159 and x.
13
Suppose 7*c - 40 = 2*c. Let f(t) = 6*t - 4. Let x be f(c). Suppose 160*k = 145*k - 883 + 3523. Calculate the highest common divisor of k and x.
44
Let q = -24 + 46. Let t(h) = -h**3 + 194*h**2 - 17*h + 3342. Let n be t(194). Calculate the highest common factor of n and q.
22
Let z(f) = -f**2 - 2*f + 117. Let u be z(-12). Let x be 4*-1 - (135/3)/u. Calculate the greatest common divisor of 99 and x.
11
Suppose -5*f - 85 = -0*f. Let b = -4 - f. Suppose -2*k + 34 = z, 2*k = 3*z - 58 - 12. Calculate the greatest common divisor of b and z.
13
Let z(o) = -3*o - 12. Let k be z(-16). Let d = 47 + -42. Suppose -118 = -5*v + t, 29 + d = v + 5*t. Calculate the highest common factor of v and k.
12
Let k = 19 - -106. Let n = k - 108. Calculate the greatest common factor of 85 and n.
17
Suppose -4*p = 2*v - 268, -2*v - p = 4*p - 270. Let o = -6 + 6. Suppose 0*l + 3*l - 30 = o. Calculate the greatest common divisor of v and l.
10
Let x(l) = -22*l - 35. Let s = 53 + -62. Let m be x(s). Suppose 5*g + 58 - m = 0. What is the highest common factor of g and 3?
3
Let b = 180403 - 179938. Let v = 24 - 9. Calculate the greatest common divisor of b and v.
15
Let p = 7166 - 492. Calculate the highest common factor of 142 and p.
142
Suppose -2*x - 5*i = -4*x + 54, -x + 29 = -2*i. Let a = x + 1. Suppose 24*w = 27*w - 171. What is the greatest common divisor of a and w?
19
Suppose -10*q - 41*q + 15912 = 0. Calculate the highest common divisor of 192 and q.
24
Suppose 4*o = 5*m + 1934, o = 4*m + 179 + 299. Suppose -32*j + 190 = 3*c - 28*j, -35 = -5*j. What is the highest common divisor of c and o?
54
Let n(d) be the third derivative of 3*d**4/2 + 3*d**3/2 - 3*d**2. Let x be n(9). Let u = 1174 - 1137. Calculate the highest common divisor of u and x.
37
Let n(z) = 4*z - 196. Let v be n(49). Suppose v = -8*p + 14*p - 1140. Calculate the highest common divisor of 665 and p.
95
Let z = 439 - 192. Let s be 234/54*(18 - 9). What is the highest common divisor of s and z?
13
Let u(x) = 8*x - 34. Let c be u(6). Let h = 313 + -180. Calculate the highest common divisor of h and c.
7
Let i = -544 + 572. Calculate the greatest common divisor of 203 and i.
7
Let k be 2/(-19) + (-16)/5*(-620140)/1919. Calculate the highest common factor of 22 and k.
22
Let x be -1 + 4/3 - 3080/(-1848). Let b(g) = 6*g - 2. Let s be b(3). What is the highest common divisor of x and s?
2
Suppose 6*l - 175 - 65 = 0. Let c = -34 + l. Suppose -c*x = -4*x - 20. Calculate the highest common factor of x and 4.
2
Let y(o) = o**3 + 10*o**2 - 78*o - 669. Let d be y(-11). What is the greatest common factor of d and 10676?
68
Let u(c) = 1463*c - 663. Let p be u(1). What is the highest common divisor of 650 and p?
50
Let y be (13 + -463)/18*28/(-10). What is the highest common factor of 40 and y?
10
Let b(d) = 2*d**3 + 5*d**2 - 3*d + 14. Let n be b(4). What is the greatest common divisor of n and 84?
42
Suppose 80 = 60*g - 640. Suppose -4*a + 8 - 32 = 2*c, -8 = c + a. Let j be 3*(c/(-2) - 16/g). What is the highest common divisor of 18 and j?
2
Let v be 10/((-15)/(-3)) + (-2)/(-1). Let j(b) = 3*b**2 - 9*b + 2. Let n be j(v). What is the highest common factor of 238 and n?
14
Let o(y) = 3*y**2 + 33*y + 3. Let a be o(-14). Let b = -3 + a. Calculate the highest common factor of b and 36.
18
Suppose -24*s + 45*s + 40*s = 440237. Calculate the greatest common divisor of s and 7.
7
Suppose 5*j - 5 = 10. Suppose -z + 3 = -0*z + y, j*y = 3*z - 33. Suppose 0 = -2*h - z*h + 882. What is the greatest common factor of h and 14?
14
Let y(a) be the first derivative of 2*a**3/3 + 13*a**2/2 - 26*a - 36. Let h be y(2). Calculate the highest common divisor of h and 112.
8
Let l = -152 - -155. Let m be (432/32)/(l/4). Suppose 4*g + f = 220, -2*g - f + 124 = 3*f. Calculate the greatest common factor of g and m.
18
Suppose -4*f - 108 = -96. Let v = f + 4. What is the greatest common divisor of 16 and v?
1
Suppose -317*r - 5*y - 40 = -319*r, 4*r = -2*y + 80. What is the highest common divisor of 8 and r?
4
Let u be 109 - (-23 - 529)/(-24). What is the highest common factor of 8342 and u?
86
Suppose -22*x - 8 = 58. Let s be ((-75)/x)/((-15)/(-75)). What is the greatest common divisor of 50 and s?
25
Suppose f - 15 = -2*f. Let z be 10 - (10 + -1) - -33. Let u be z + 1 + (-16 - (-16 + 0)). What is the highest common factor of f and u?
5
Let u(f) = 29*f**2 - f - 1. Let c be u(-2). Let g(y) = 33*y**3 + 206*y**2 + 40*y + 108. Let h be g(-6). What is the highest common factor of c and h?
39
Let f = 52 - 49. Let u be (-3)/12*-6 - f/(-6). Suppose 0 = -4*a + 3*g - 4*g + 505, u*a = -g + 253. Calculate the highest common divisor of 18 and a.
18
Suppose 0*a = 2*a - r - 136, 5*r + 20 = 0. Let q = a + 59. Calculate the greatest common divisor of q and 25.
25
Let u be (-4 - 15)*(-2)/(0 + 2). Let o be (-1 - 189)*(-5)/(-4)*-2. Calculate the greatest common factor of u and o.
19
Let w be ((-4)/(-14))/(345/(-70) - -5) + 50. Let f(k) be the first derivative of k**2/2 - k + 3. Let x be f(7). Calculate the highest common divisor of x and w.
6
Suppose 3*a - 51264 = -4*r, -5*a + 9*r + 85460 = 19*r. What is the greatest common factor of 28 and a?
28
Let s